 thousands digit of 14435?
1
What is the ten thousands digit of 27610?
2
What is the hundreds digit of 51580?
5
What is the units digit of 20?
0
What is the hundreds digit of 3795?
7
What is the tens digit of 122073?
7
What is the tens digit of 1182?
8
What is the hundreds digit of 45884?
8
What is the hundreds digit of 2684?
6
What is the tens digit of 1470?
7
What is the thousands digit of 16675?
6
What is the units digit of 617?
7
What is the thousands digit of 34139?
4
What is the thousands digit of 31118?
1
What is the units digit of 480?
0
What is the units digit of 3030?
0
What is the units digit of 2502?
2
What is the tens digit of 2992?
9
What is the tens digit of 1155?
5
What is the thousands digit of 8328?
8
What is the tens digit of 44?
4
What is the hundreds digit of 950?
9
What is the thousands digit of 2630?
2
What is the units digit of 7158?
8
What is the hundreds digit of 1651?
6
What is the ten thousands digit of 39956?
3
What is the hundreds digit of 411?
4
What is the thousands digit of 120070?
0
What is the hundreds digit of 908?
9
What is the thousands digit of 3947?
3
What is the hundreds digit of 92490?
4
What is the hundreds digit of 948?
9
What is the thousands digit of 2526?
2
What is the hundred thousands digit of 126749?
1
What is the ten thousands digit of 45888?
4
What is the hundreds digit of 2323?
3
What is the thousands digit of 1163?
1
What is the thousands digit of 105554?
5
What is the units digit of 3265?
5
What is the tens digit of 1065?
6
What is the ten thousands digit of 106327?
0
What is the thousands digit of 52028?
2
What is the thousands digit of 3787?
3
What is the tens digit of 25146?
4
What is the hundreds digit of 70307?
3
What is the units digit of 1366?
6
What is the thousands digit of 2188?
2
What is the thousands digit of 2421?
2
What is the ten thousands digit of 20681?
2
What is the ten thousands digit of 43705?
4
What is the units digit of 1014?
4
What is the ten thousands digit of 10340?
1
What is the units digit of 781?
1
What is the tens digit of 11505?
0
What is the thousands digit of 3243?
3
What is the ten thousands digit of 17164?
1
What is the tens digit of 1725?
2
What is the tens digit of 5684?
8
What is the hundreds digit of 94935?
9
What is the hundreds digit of 1277?
2
What is the tens digit of 1859?
5
What is the units digit of 43915?
5
What is the thousands digit of 33325?
3
What is the tens digit of 3290?
9
What is the tens digit of 899?
9
What is the tens digit of 379?
7
What is the tens digit of 18244?
4
What is the thousands digit of 43846?
3
What is the units digit of 876?
6
What is the thousands digit of 1032?
1
What is the units digit of 1995?
5
What is the hundreds digit of 110088?
0
What is the thousands digit of 2486?
2
What is the units digit of 509?
9
What is the units digit of 8353?
3
What is the thousands digit of 47706?
7
What is the hundreds digit of 68395?
3
What is the tens digit of 1772?
7
What is the thousands digit of 12947?
2
What is the hundreds digit of 18513?
5
What is the tens digit of 1799?
9
What is the tens digit of 4536?
3
What is the tens digit of 15844?
4
What is the thousands digit of 40970?
0
What is the tens digit of 9537?
3
What is the tens digit of 167?
6
What is the hundreds digit of 28769?
7
What is the tens digit of 18543?
4
What is the hundreds digit of 2475?
4
What is the thousands digit of 14146?
4
What is the tens digit of 4307?
0
What is the units digit of 1608?
8
What is the thousands digit of 13248?
3
What is the tens digit of 1038?
3
What is the units digit of 2192?
2
What is the units digit of 1126?
6
What is the thousands digit of 44987?
4
What is the hundreds digit of 459?
4
What is the tens digit of 81129?
2
What is the thousands digit of 3739?
3
What is the tens digit of 1276?
7
What is the units digit of 2768?
8
What is the thousands digit of 11866?
1
What is the units digit of 2093?
3
What is the tens digit of 6027?
2
What is the units digit of 2817?
7
What is the thousands digit of 43061?
3
What is the hundreds digit of 2428?
4
What is the hundreds digit of 705?
7
What is the units digit of 11?
1
What is the hundreds digit of 12359?
3
What is the thousands digit of 23259?
3
What is the units digit of 17429?
9
What is the tens digit of 91737?
3
What is the tens digit of 11673?
7
What is the units digit of 1167?
7
What is the tens digit of 6180?
8
What is the hundreds digit of 577?
5
What is the hundreds digit of 6953?
9
What is the units digit of 616?
6
What is the tens digit of 3797?
9
What is the units digit of 3177?
7
What is the units digit of 3657?
7
What is the units digit of 110902?
2
What is the thousands digit of 3165?
3
What is the tens digit of 2478?
7
What is the tens digit of 466?
6
What is the hundreds digit of 7910?
9
What is the tens digit of 1234?
3
What is the hundreds digit of 109700?
7
What is the thousands digit of 15329?
5
What is the ten thousands digit of 85519?
8
What is the units digit of 3280?
0
What is the tens digit of 84408?
0
What is the hundreds digit of 11560?
5
What is the tens digit of 81293?
9
What is the hundreds digit of 1132?
1
What is the hundreds digit of 10230?
2
What is the units digit of 2795?
5
What is the tens digit of 3212?
1
What is the units digit of 2026?
6
What is the ten thousands digit of 95754?
9
What is the units digit of 124711?
1
What is the tens digit of 7314?
1
What is the hundreds digit of 153266?
2
What is the hundreds digit of 342?
3
What is the tens digit of 1163?
6
What is the hundreds digit of 382?
3
What is the hundreds digit of 3363?
3
What is the units digit of 761?
1
What is the tens digit of 6570?
7
What is the tens digit of 25417?
1
What is the hundreds digit of 4470?
4
What is the thousands digit of 4612?
4
What is the thousands digit of 55434?
5
What is the units digit of 17977?
7
What is the thousands digit of 17287?
7
What is the hundreds digit of 98988?
9
What is the tens digit of 990?
9
What is the tens digit of 9604?
0
What is the thousands digit of 2259?
2
What is the hundreds digit of 1128?
1
What is the ten thousands digit of 54133?
5
What is the units digit of 39?
9
What is the hundreds digit of 21881?
8
What is the hundreds digit of 7316?
3
What is the hundreds digit of 53194?
1
What is the ten thousands digit of 45422?
4
What is the tens digit of 933?
3
What is the units digit of 5808?
8
What is the hundreds digit of 6624?
6
What is the hundreds digit of 4244?
2
What is the ten thousands digit of 21401?
2
What is the tens digit of 30716?
1
What is the units digit of 653?
3
What is the units digit of 35?
5
What is the tens digit of 907?
0
What is the ten thousands digit of 35425?
3
What is the hundred thousands digit of 178915?
1
What is the ten thousands digit of 81401?
8
What is the ten thousands digit of 26991?
2
What is the thousands digit of 3524?
3
What is the units digit of 1426?
6
What is the tens digit of 40800?
0
What is the tens digit of 12981?
8
What is the hundreds digit of 11720?
7
What is the thousands digit of 4251?
4
What is the hundreds digit of 18025?
0
What is the ten thousands digit of 33224?
3
What is the hundreds digit of 10315?
3
What is the hundreds digit of 4729?
7
What is the thousands digit of 6972?
6
What is the units digit of 1094?
4
What is the units digit of 8807?
7
What is the units digit of 33189?
9
What is the thousands digit of 38642?
8
What is the hundreds digit of 11831?
8
What is the ten thousands digit of 31000?
3
What is the thousands digit of 1577?
1
What is the tens digit of 6147?
4
What is the units digit of 3098?
8
What is the hundreds digit of 1989?
9
What is the hundreds digit of 737?
7
What is the thousands digit of 55186?
5
What is the hundreds digit of 4049?
0
What is the ten thousands digit of 31251?
3
What is the tens digit of 1972?
7
What is the thousands digit of 48272?
8
What is the units digit of 34420?
0
What is the units digit of 187?
7
What is the tens digit of 120256?
5
What is the hundreds digit of 1161?
1
What is the tens digit of 3576?
7
What is the ten thousands digit of 172505?
7
What is the ten thousands digit of 12836?
1
What is the units digit of 35736?
6
What is the units digit of 6958?
8
What is the tens digit of 616?
1
What is the hundreds digit of 126166?
1
What